{"id":16582,"date":"2025-05-31T13:25:09","date_gmt":"2025-05-31T13:25:09","guid":{"rendered":"https:\/\/meditaeneuskadi.org\/?post_type=product&#038;p=16582"},"modified":"2026-04-26T09:43:02","modified_gmt":"2026-04-26T09:43:02","slug":"meditacion-en-bilbao","status":"publish","type":"product","link":"https:\/\/meditaeneuskadi.org\/eu\/product\/meditacion-en-bilbao\/","title":{"rendered":"Lunes"},"content":{"rendered":"<h3><span style=\"color: #333333; font-size: 16.38px;\">APRENDE A MEDITAR<\/span><\/h3>\n<p><span style=\"color: #ff6600;\"><strong>Ciclo de febrero: \u00abMeditaciones para la relajaci\u00f3n\u00bb<\/strong><\/span><\/p>\n<h4><span style=\"color: #333333;\">Sobre la clase<\/span><\/h4>\n<p><span style=\"color: #333333;\">Dedica 45 minutos para cultivar la paz interior y disfrutar del resto del d\u00eda con una mente inspirada y positiva. <\/span><\/p>\n<ul>\n<li><span style=\"color: #333333;\">Esta clase combina 2 meditaciones guiadas con un \u00abpensamiento del d\u00eda\u00bb sobre m\u00e9todos pr\u00e1cticos para mantenerse feliz y positivo\/a a trav\u00e9s de los desaf\u00edos de la vida moderna.<\/span><\/li>\n<li><span style=\"color: #333333;\">Todas las partes de las clase son guiadas por el maestro\/a.<\/span><\/li>\n<\/ul>\n<h4><span style=\"color: #333333;\">\u00bfCu\u00e1ndo?<\/span><\/h4>\n<p><span style=\"color: #333333;\">Lunes 11:30-12:15h<\/span><\/p>\n<p><strong><span style=\"color: #ff6600;\">Nota: No habr\u00e1 clase el 27 de abril<\/span><\/strong><\/p>\n<h4><span style=\"color: #333333;\">El formato<\/span><\/h4>\n<p><span style=\"color: #333333;\">En persona.<\/span><\/p>\n<h4><span style=\"color: #333333;\">Los maestros<\/span><\/h4>\n<p><span style=\"color: #333333;\">Maestros kadampa del KMC Bilbao<\/span><\/p>\n<h4><span style=\"color: #333333;\">\u00bfD\u00f3nde?<\/span><\/h4>\n<p><span style=\"color: #333333;\"><a href=\"https:\/\/www.google.es\/maps\/place\/KMC+Bilbao+%E2%80%93+Centro+de+Meditaci%C3%B3n+Kadampa\/@43.2559032,-2.9260764,17z\/data=!4m10!1m2!2m1!1sKMC+Bilbao,+Artekale+4+kalea,+28005+Bilbao,+Bizkaia!3m6!1s0xd4e4fcc8beabaa3:0x412b6bdcdec51840!8m2!3d43.2559032!4d-2.9235015!15sCjNLTUMgQmlsYmFvLCBBcnRla2FsZSA0IGthbGVhLCAyODAwNSBCaWxiYW8sIEJpemthaWGSARFtZWRpdGF0aW9uX2NlbnRlcuABAA!16s%2Fg%2F11f15mmq89?entry=ttu\">KMC Bilbao, Artekale, 4<\/a><\/span><\/p>\n<h4><span style=\"color: #333333;\">\u00bfSon las clases para m\u00ed?<\/span><\/h4>\n<p><span style=\"color: #333333;\">Adecuadas para todos, independientemente de cualquier experiencia de meditaci\u00f3n.<\/span><\/p>\n<h4><span style=\"color: #333333;\">Descuentos<\/span><\/h4>\n<p><span style=\"color: #333333;\">Estas clases est\u00e1n incluidas en los bonos descuento y tarjetas kadampa (TK).<\/span><\/p>\n<p><span style=\"color: #333333;\">Haz clic aqu\u00ed para obtener m\u00e1s informaci\u00f3n:<\/span> <a href=\"https:\/\/new.meditaeneuskadi.org\/tarjetas-kadampa\/\">bonos y tarjetas kadampa.<\/a><\/p>","protected":false},"excerpt":{"rendered":"<p><span style=\"color: #333333;\"><strong>\u00abAprende a meditar: Meditaciones para la relajaci\u00f3n\u00bb<\/strong> <strong>\u00b7<\/strong> Lunes, 11:30-12:15h, en Bilbao \u2022 No habr\u00e1 clase el 27 de marzo<\/span><\/p>","protected":false},"featured_media":15208,"comment_status":"open","ping_status":"closed","template":"","meta":{"_EventAllDay":false,"_EventTimezone":"","_EventStartDate":"","_EventEndDate":"","_EventStartDateUTC":"","_EventEndDateUTC":"","_EventShowMap":false,"_EventShowMapLink":false,"_EventURL":"","_EventCost":"","_EventCostDescription":"","_EventCurrencySymbol":"","_EventCurrencyCode":"","_EventCurrencyPosition":"","_EventDateTimeSeparator":"","_EventTimeRangeSeparator":"","_EventOrganizerID":[],"_EventVenueID":[],"_OrganizerEmail":"","_OrganizerPhone":"","_OrganizerWebsite":"","_VenueAddress":"","_VenueCity":"","_VenueCountry":"","_VenueProvince":"","_VenueState":"","_VenueZip":"","_VenuePhone":"","_VenueURL":"","_VenueStateProvince":"","_VenueLat":"","_VenueLng":"","_VenueShowMap":false,"_VenueShowMapLink":false},"product_brand":[],"product_cat":[15,105],"product_tag":[100],"class_list":{"0":"post-16582","1":"product","2":"type-product","3":"status-publish","4":"has-post-thumbnail","6":"product_cat-medita-en-euskadi","7":"product_cat-por-la-manana","8":"product_tag-donosti","9":"description-off","11":"first","12":"instock","13":"shipping-taxable","14":"purchasable","15":"product-type-simple"},"jetpack_sharing_enabled":true,"_links":{"self":[{"href":"https:\/\/meditaeneuskadi.org\/eu\/wp-json\/wp\/v2\/product\/16582","targetHints":{"allow":["GET"]}}],"collection":[{"href":"https:\/\/meditaeneuskadi.org\/eu\/wp-json\/wp\/v2\/product"}],"about":[{"href":"https:\/\/meditaeneuskadi.org\/eu\/wp-json\/wp\/v2\/types\/product"}],"replies":[{"embeddable":true,"href":"https:\/\/meditaeneuskadi.org\/eu\/wp-json\/wp\/v2\/comments?post=16582"}],"wp:featuredmedia":[{"embeddable":true,"href":"https:\/\/meditaeneuskadi.org\/eu\/wp-json\/wp\/v2\/media\/15208"}],"wp:attachment":[{"href":"https:\/\/meditaeneuskadi.org\/eu\/wp-json\/wp\/v2\/media?parent=16582"}],"wp:term":[{"taxonomy":"product_brand","embeddable":true,"href":"https:\/\/meditaeneuskadi.org\/eu\/wp-json\/wp\/v2\/product_brand?post=16582"},{"taxonomy":"product_cat","embeddable":true,"href":"https:\/\/meditaeneuskadi.org\/eu\/wp-json\/wp\/v2\/product_cat?post=16582"},{"taxonomy":"product_tag","embeddable":true,"href":"https:\/\/meditaeneuskadi.org\/eu\/wp-json\/wp\/v2\/product_tag?post=16582"}],"curies":[{"name":"wp","href":"https:\/\/api.w.org\/{rel}","templated":true}]}}

<h3><span style="color: #333333; font-size: 16.38px;">APRENDE A MEDITAR</span></h3>
<p><span style="color: #ff6600;"><strong>Ciclo de febrero: «Meditaciones para la relajación»</strong></span></p>
<h4><span style="color: #333333;">Sobre la clase</span></h4>
<p><span style="color: #333333;">Dedica 45 minutos para cultivar la paz interior y disfrutar del resto del día con una mente inspirada y positiva. </span></p>
<ul>
<li><span style="color: #333333;">Esta clase combina 2 meditaciones guiadas con un «pensamiento del día» sobre métodos prácticos para mantenerse feliz y positivo/a a través de los desafíos de la vida moderna.</span></li>
<li><span style="color: #333333;">Todas las partes de las clase son guiadas por el maestro/a.</span></li>
</ul>
<h4><span style="color: #333333;">¿Cuándo?</span></h4>
<p><span style="color: #333333;">Lunes 11:30-12:15h</span></p>
<p><strong><span style="color: #ff6600;">Nota: No habrá clase el 27 de abril</span></strong></p>
<h4><span style="color: #333333;">El formato</span></h4>
<p><span style="color: #333333;">En persona.</span></p>
<h4><span style="color: #333333;">Los maestros</span></h4>
<p><span style="color: #333333;">Maestros kadampa del KMC Bilbao</span></p>
<h4><span style="color: #333333;">¿Dónde?</span></h4>
<p><span style="color: #333333;"><a href="https://www.google.es/maps/place/KMC+Bilbao+%E2%80%93+Centro+de+Meditaci%C3%B3n+Kadampa/@43.2559032,-2.9260764,17z/data=!4m10!1m2!2m1!1sKMC+Bilbao,+Artekale+4+kalea,+28005+Bilbao,+Bizkaia!3m6!1s0xd4e4fcc8beabaa3:0x412b6bdcdec51840!8m2!3d43.2559032!4d-2.9235015!15sCjNLTUMgQmlsYmFvLCBBcnRla2FsZSA0IGthbGVhLCAyODAwNSBCaWxiYW8sIEJpemthaWGSARFtZWRpdGF0aW9uX2NlbnRlcuABAA!16s%2Fg%2F11f15mmq89?entry=ttu">KMC Bilbao, Artekale, 4</a></span></p>
<h4><span style="color: #333333;">¿Son las clases para mí?</span></h4>
<p><span style="color: #333333;">Adecuadas para todos, independientemente de cualquier experiencia de meditación.</span></p>
<h4><span style="color: #333333;">Descuentos</span></h4>
<p><span style="color: #333333;">Estas clases están incluidas en los bonos descuento y tarjetas kadampa (TK).</span></p>
<p><span style="color: #333333;">Haz clic aquí para obtener más información:</span> <a href="https://new.meditaeneuskadi.org/tarjetas-kadampa/">bonos y tarjetas kadampa.</a></p>

<p><span style="color: #333333;"><strong>«Aprende a meditar: Meditaciones para la relajación»</strong> <strong>·</strong> Lunes, 11:30-12:15h, en Bilbao • No habrá clase el 27 de marzo</span></p>
