{"id":17292,"date":"2025-10-31T08:37:52","date_gmt":"2025-10-31T08:37:52","guid":{"rendered":"https:\/\/meditaeneuskadi.org\/?post_type=product&#038;p=17292"},"modified":"2026-05-03T14:04:58","modified_gmt":"2026-05-03T14:04:58","slug":"tour-kmc-bilbao","status":"publish","type":"product","link":"https:\/\/meditaeneuskadi.org\/eu\/product\/tour-kmc-bilbao\/","title":{"rendered":"Tour en el KMC Bilbao (mayo)"},"content":{"rendered":"<h4><strong>Actividad gratuita<\/strong><\/h4>\n<p>El <strong>KMC Bilbao \u2013 Centro de Meditaci\u00f3n Kadampa<\/strong> es una organizaci\u00f3n sin \u00e1nimo de lucro cuya funci\u00f3n es traer las ense\u00f1anzas budistas y la meditaci\u00f3n a la sociedad actual.<\/p>\n<p>En esta actividad guiada podr\u00e1s descubrir aspectos desconocidos como nuestro altar de meditaci\u00f3n, la funci\u00f3n de los distintos Budas y sus diferentes aspectos, y c\u00f3mo a trav\u00e9s de las muchas Clases, Talleres y Retiros especializados que impartimos puedes transformar tu vida y la de los dem\u00e1s en una experiencia \u00fanica de paz y felicidad duradera.<\/p>\n<p>Te explicaremos qu\u00e9 significa esto y otros aspectos del funcionamiento del Centro. Abierto a todos. \u00a1Te esperamos!<\/p>\n<p><strong>\u00bfCu\u00e1ndo?<\/strong><\/p>\n<p>S\u00e1bado 23 de mayo de 11:00 a 12:00h<\/p>\n<h4>\u00bfD\u00f3nde?<\/h4>\n<p><a href=\"https:\/\/www.google.es\/maps\/place\/KMC+Bilbao+%E2%80%93+Centro+de+Meditaci%C3%B3n+Kadampa\/@43.2559032,-2.9260764,17z\/data=!4m10!1m2!2m1!1sKMC+Bilbao,+Artekale+4+kalea,+28005+Bilbao,+Bizkaia!3m6!1s0xd4e4fcc8beabaa3:0x412b6bdcdec51840!8m2!3d43.2559032!4d-2.9235015!15sCjNLTUMgQmlsYmFvLCBBcnRla2FsZSA0IGthbGVhLCAyODAwNSBCaWxiYW8sIEJpemthaWGSARFtZWRpdGF0aW9uX2NlbnRlcuABAA!16s%2Fg%2F11f15mmq89?entry=ttu\"><em>KMC Bilbao \u2013 Centro de Meditaci\u00f3n Kadampa, Artekale 4, 48005 Bilbao<\/em><\/a><\/p>","protected":false},"excerpt":{"rendered":"<p><span style=\"color: #333333;\"><strong>\u00abTour del KMC Bilbao\u00bb<\/strong> <strong>\u00b7<\/strong> S\u00e1bado 23 de mayo <strong>\u00b7<\/strong> En Bilbao<\/span><\/p>","protected":false},"featured_media":17294,"comment_status":"open","ping_status":"closed","template":"","meta":{"_EventAllDay":false,"_EventTimezone":"","_EventStartDate":"","_EventEndDate":"","_EventStartDateUTC":"","_EventEndDateUTC":"","_EventShowMap":false,"_EventShowMapLink":false,"_EventURL":"","_EventCost":"","_EventCostDescription":"","_EventCurrencySymbol":"","_EventCurrencyCode":"","_EventCurrencyPosition":"","_EventDateTimeSeparator":"","_EventTimeRangeSeparator":"","_EventOrganizerID":[],"_EventVenueID":[],"_OrganizerEmail":"","_OrganizerPhone":"","_OrganizerWebsite":"","_VenueAddress":"","_VenueCity":"","_VenueCountry":"","_VenueProvince":"","_VenueState":"","_VenueZip":"","_VenuePhone":"","_VenueURL":"","_VenueStateProvince":"","_VenueLat":"","_VenueLng":"","_VenueShowMap":false,"_VenueShowMapLink":false},"product_brand":[],"product_cat":[15],"product_tag":[],"class_list":{"0":"post-17292","1":"product","2":"type-product","3":"status-publish","4":"has-post-thumbnail","6":"product_cat-medita-en-euskadi","7":"description-off","9":"first","10":"instock","11":"shipping-taxable","12":"purchasable","13":"product-type-simple"},"jetpack_sharing_enabled":true,"_links":{"self":[{"href":"https:\/\/meditaeneuskadi.org\/eu\/wp-json\/wp\/v2\/product\/17292","targetHints":{"allow":["GET"]}}],"collection":[{"href":"https:\/\/meditaeneuskadi.org\/eu\/wp-json\/wp\/v2\/product"}],"about":[{"href":"https:\/\/meditaeneuskadi.org\/eu\/wp-json\/wp\/v2\/types\/product"}],"replies":[{"embeddable":true,"href":"https:\/\/meditaeneuskadi.org\/eu\/wp-json\/wp\/v2\/comments?post=17292"}],"wp:featuredmedia":[{"embeddable":true,"href":"https:\/\/meditaeneuskadi.org\/eu\/wp-json\/wp\/v2\/media\/17294"}],"wp:attachment":[{"href":"https:\/\/meditaeneuskadi.org\/eu\/wp-json\/wp\/v2\/media?parent=17292"}],"wp:term":[{"taxonomy":"product_brand","embeddable":true,"href":"https:\/\/meditaeneuskadi.org\/eu\/wp-json\/wp\/v2\/product_brand?post=17292"},{"taxonomy":"product_cat","embeddable":true,"href":"https:\/\/meditaeneuskadi.org\/eu\/wp-json\/wp\/v2\/product_cat?post=17292"},{"taxonomy":"product_tag","embeddable":true,"href":"https:\/\/meditaeneuskadi.org\/eu\/wp-json\/wp\/v2\/product_tag?post=17292"}],"curies":[{"name":"wp","href":"https:\/\/api.w.org\/{rel}","templated":true}]}}

<h4><strong>Actividad gratuita</strong></h4>
<p>El <strong>KMC Bilbao – Centro de Meditación Kadampa</strong> es una organización sin ánimo de lucro cuya función es traer las enseñanzas budistas y la meditación a la sociedad actual.</p>
<p>En esta actividad guiada podrás descubrir aspectos desconocidos como nuestro altar de meditación, la función de los distintos Budas y sus diferentes aspectos, y cómo a través de las muchas Clases, Talleres y Retiros especializados que impartimos puedes transformar tu vida y la de los demás en una experiencia única de paz y felicidad duradera.</p>
<p>Te explicaremos qué significa esto y otros aspectos del funcionamiento del Centro. Abierto a todos. ¡Te esperamos!</p>
<p><strong>¿Cuándo?</strong></p>
<p>Sábado 23 de mayo de 11:00 a 12:00h</p>
<h4>¿Dónde?</h4>
<p><a href="https://www.google.es/maps/place/KMC+Bilbao+%E2%80%93+Centro+de+Meditaci%C3%B3n+Kadampa/@43.2559032,-2.9260764,17z/data=!4m10!1m2!2m1!1sKMC+Bilbao,+Artekale+4+kalea,+28005+Bilbao,+Bizkaia!3m6!1s0xd4e4fcc8beabaa3:0x412b6bdcdec51840!8m2!3d43.2559032!4d-2.9235015!15sCjNLTUMgQmlsYmFvLCBBcnRla2FsZSA0IGthbGVhLCAyODAwNSBCaWxiYW8sIEJpemthaWGSARFtZWRpdGF0aW9uX2NlbnRlcuABAA!16s%2Fg%2F11f15mmq89?entry=ttu"><em>KMC Bilbao – Centro de Meditación Kadampa, Artekale 4, 48005 Bilbao</em></a></p>

<p><span style="color: #333333;"><strong>«Tour del KMC Bilbao»</strong> <strong>·</strong> Sábado 23 de mayo <strong>·</strong> En Bilbao</span></p>
